 -1 + -26 + 32?
2
What is the value of -10 - -10 - (-1 + 3)?
-2
What is (2 + 3 + -1 - 2) + -7?
-5
26 - 28 - (0 + -1)
-1
Evaluate -6 - (6 - (0 - 1 - -9)).
-4
(16 + -5 - 3) + -6
2
6 - ((35 - 41) + (1 - -2))
9
What is the value of -8 - -8 - (-3 + 10)?
-7
Evaluate -2 + 2 - (2 + -4 + 0).
2
Evaluate (-5 - -5) + -5 - 0.
-5
What is the value of 0 + -1 - (10 + -5 - 2)?
-4
Evaluate -4 - (1 - 4) - (1 + 2).
-4
-5 + 11 - (3 - 2)
5
Evaluate -47 - -45 - ((-1 - 5) + -1).
5
What is -2 + (4 - 7 - -8)?
3
What is the value of 1 + 3 + -5 + 3?
2
What is the value of 0 + 0 - (40 - 37)?
-3
-4 + 1 + 3 - 4
-4
Evaluate 0 + (-7 - ((6 - 2) + -5)).
-6
Calculate 1 + -4 + (-1 - (-3 - 5)).
4
Calculate 0 - (6 + (-8 - (-3 - 1))).
-2
What is (-2 - 0 - (46 - 52)) + -6?
-2
Evaluate 0 + (7 - 0) - (-20 - -21).
6
-3 + 1 + -2 - -1 - 2
-5
What is the value of 7 + -1 + 0 + (-3 - -1)?
4
What is the value of 2 + -2 + 5 + -1?
4
What is the value of (24 - 16) + -10 + 1?
-1
-8 - (7 + (-20 - -12))
-7
Evaluate (3 + 7 - 21) + 7.
-4
(-8 - 1) + 4 + 4
-1
3 - (5 + -1 + -1)
0
Evaluate 5 + (11 - 13) + 4.
7
What is the value of 14 + -22 + (-6 - -18)?
4
What is -13 + (-7 - -15) - (-5 - -3)?
-3
(-5 - -8) + -5 - -4
2
What is 4 - (-4 + 4 - (2 + -1))?
5
What is the value of 4 - (-9 - -7 - (1 - 9))?
-2
Calculate -3 + 3 - 4 - -10 - 4.
2
1 + (-7 - (3 - 12))
3
2 + -1 + (11 - 4 - 7)
1
Evaluate 0 + -1 + 7 - 4.
2
Calculate (-2 - 1) + 1 - (53 - 51).
-4
1 + 2 + -9 - -7
1
What is 12 + 12 + (3 - 29)?
-2
-3 - (16 - 13 - (3 - -1))
-2
Evaluate 5 - ((-2 - (-1 - -1)) + 7).
0
What is -2 - (-48 - -45 - (8 + 0))?
9
What is the value of 3 + (-2 - -3) + -3 - -1?
2
What is 1 - (-4 + (-3 - -8))?
0
What is -5 - (-3 - 1 - 0 - -2)?
-3
What is the value of 4 - (3 - (-2 + -1 - -3))?
1
Evaluate -5 + (-4 - -6 - -3).
0
Calculate -31 + 40 - (-1 + 3).
7
Calculate 3 + -5 - -10 - 15.
-7
Calculate (0 - (-3 - -5)) + (13 - 7).
4
What is the value of (3 - 4 - 6) + 4?
-3
Calculate 3 - 1 - (5 + 0 - 2).
-1
Calculate -12 - (-9 + 3 + -3).
-3
What is 1 - 7 - (-2 + 6 - 7)?
-3
(3 - ((-1 - -8) + -4)) + 1
1
What is the value of 3 + -1 + (3 - 7 - -2)?
0
What is 12 - (11 - (4 + -1) - 7)?
11
What is the value of -5 - 3 - (0 + -3)?
-5
Calculate 0 + 1 - (19 - 17).
-1
Calculate 22 + -12 + -18 + 11.
3
What is -27 + 20 - (-1 - 0)?
-6
What is the value of (1 - -5) + -46 + 48?
8
What is 7 + (-20 - -10 - -7)?
4
Calculate 0 + (4 - -1) + (17 - 25).
-3
What is -15 + 20 - (1 + 1)?
3
What is (-4 + -15 - -8) + 8?
-3
Evaluate 8 + (2 - 2) + -8.
0
What is -6 - (3 - 6) - (-15 - -11)?
1
(0 - (-7 + 0)) + -17 - -2
-8
What is 16 - 17 - (3 - 5 - 4)?
5
What is -2 - ((1 - -2) + 0) - -2?
-3
-1 - -8 - (251 + -252)
8
Evaluate 7 + -13 - -8 - 3 - 7.
-8
Calculate (-3 - 1) + (1 - 1) - -1.
-3
-18 + 20 - (1 - -4) - 2
-5
What is 7 - (-3 + 4) - 2?
4
-9 - -3 - (-1 + -2)
-3
6 + -4 - -9 - 10
1
(2 - 2 - (2 - 4)) + -3
-1
-7 - (-8 - (12 + -7 + 1))
7
What is -9 - (-1 + -5 + 2)?
-5
Evaluate (1 - 6) + (8 - 4) + 1.
0
-6 + 7 + 5 + 0 + 0
6
Calculate (-1 - -4) + (-6 - 1) - 1.
-5
Calculate 1 - (1 - (0 - (-1 - 2))).
3
Calculate 0 + 5 - (-8 + (9 - -2)).
2
Calculate -3 + 6 + -1 + 0.
2
What is the value of 4 + (-1 - -4) - 15?
-8
Calculate (3 - -6) + (0 - 15).
-6
What is the value of (-6 - -5) + 4 - 6?
-3
Calculate -6 - (-4 + 5 + -7).
0
Calculate (-3 - (-7 + 0)) + 1 + 0.
5
9 + -9 + 6 - 2
4
Calculate (0 - 5) + (20 - 12).
3
Evaluate (-3 - (3 - 12)) + -3.
3
What is the value of -2 + 3 + (-1 - -1)?
1
What is the value of 13 + (12 - 1) + -14?
10
What is the value of 4 + -9 + (0 - -4) - 8?
-9
-3 - ((-8 - -11) + -1)
-5
2 + 3 + -6 + -7 + 2
-6
Calculate 2 + (3 - (2 + -1)).
4
Calculate -2 + -1 - (5 + -10 + -1).
3
What is -5 - 1 - (118 - 122)?
-2
Evaluate -25 - -30 - (15 + -1).
-9
What is the value of -7 + (-6 - (-4 - -1))?
-10
Evaluate 7 + -8 + (17 - 13).
3
What is -5 + 10 + 0 + -5?
0
What is the value of (3 - (5 - -2)) + -1 - -2?
-3
What is -4 + 13 + -4 + -3?
2
What is the value of (-1 - 0) + (6 - 9 - -5)?
1
20 + -1 + (-37 + 22 - -6)
10
Calculate -4 - (-3 + (2 - -3) + -6).
0
What is 12 + -11 - (-2 - -5)?
-2
What is the value of 8 + (2 - -2 - 16)?
-4
What is the value of 10 + 0 + (-120 - -110)?
0
22 + -3 - (2 + 11)
6
What is the value of -5 + 1 + 0 + 18 + -17?
-3
Calculate -2 - -6 - (-5 + 16).
-7
-15 - -14 - (-10 - 0)
9
What is the value of -7 + -1 - (-8 - -3)?
-3
Evaluate 2 + -2 + 0 + 2 - 4.
-2
What is -21 - -9 - (-3 + -2)?
-7
What is the value of -1 + 1 + (-5 - -8) - -1?
4
What is -4 + (3 - 6) + 0?
-7
Calculate 4 - -1 - (-53 + 60).
-2
-60 - -57 - (-7 - 0)
4
What is the value of -5 - (-2 + (-2 - (-4 - -2)))?
-3
Evaluate 1 + 9 + -11 + (2 - 0).
1
What is -1 - ((-17 - -9) + 4 + 0)?
3
7 - 5 - 2 - 1
-1
Calculate 4 + (-3 - 1 - 2).
-2
What is the value of -1 + (-7 - 2 - -4)?
-6
Evaluate 3 + (1 - (0 + 1)) + 0.
3
What is the value of 9 + (-1 - 4 - 8)?
-4
What is -10 - -18 - (5 - 0)?
3
5 - (2 - -2) - 1
0
-1 - (9 + -12 + 10)
-8
Evaluate (158 - 162) + 4 + 2.
2
What is -15 + -2 - (-30 - -21)?
-8
Calculate 38 + -48 + (9 - 2) + 1.
-2
Evaluate 4 + -3 + -3 + -1.
-3
-2 + -1 - (-8 - -6)
-1
What is the value of 8 + -10 + 1 + 6?
5
-8 - (4 + 5 - 14)
-3
What is the value of -17 - (-14 + 4) - (4 - 12)?
1
Calculate (2 - -6) + -4 - 9.
-5
-38 - -48 - (0 + 2)
8
What is the value of -4 + ((-8 - -5) + 8 - 2)?
-1
What is the value of (-3 + 0 - 0) + 6?
3
What is the value of -71 + 57 + 0 + 6?
-8
What is -2 + (-4 - -6) - 3?
-3
What is -3 + (0 - (0 - -2))?
-5
What is the value of 0 - ((-4 - -1) + -31 + 25)?
9
What is the value of -1 - (-4 - -2) - (-5 + 7)?
-1
What is the value of -10 + 6 + (11 - 7)?
0
-3 + 1 + 1 + 5 + -5
-1
7 - 4 - (-10 - (2 + -8))
7
What is the value of (-30 - -41) + -7 + 1 + -9?
-4
What is (13 - 6) + (-5 + 8 - 9)?
1
Evaluate (0 + 2 - -2) + 3.
7
What is the value of 4 + (0 - 0 - (27 - 30))?
7
What is 0 - 6 - (20 + (-3 - 22))?
-1
Evaluate 6 + 0 + -2 + -9.
-5
What is 1 - (-2 + 1) - -4?
6
Calculate (3 - -1) + 1 - 7.
-2
(-4 - (0 - (4 + -1))) + 5
4
Calculate -7 - ((4 - 1) + -11).
1
What is (0 - (1 - 6)) + -5 + 4?
4
-11 - (1 + 8 - 17)
-3
What is the value of -1 + (-7 - -4) - -6?
2
What is the value of -4 + 9 + -4 + -4 + -2?
-5
What is (1 - 1) + (0 - (17 + -12))?
-5
What is the value of -2 + (8 - 8) + -4 + 1?
-5
Calculate 0 + -8 - -1 - (-3 + 2).
-6
What is (-45 - -43 - (-5 - 0)) + 0?
3
What is (-2 - 1) + (1 - -2 - 2)?
-2
-1 - ((14 - 14) + -3 + 2)
0
4 - (13 - (-2 + 10))
-1
What is the value of -6 + (-6 - -13) + (-10 - -1)?
-8
(-4 - 0) + 3 + -4 + 1
-4
Calculate (1 - (-2 + 8) - 2) + 1.
-6
-5 + -1 - (-15 - (2 + -2))
9
What is the value of -5 - (6 + -17 + 7)?
-1
-3 - 2 - (-23 + 20)
-2
Evaluate 2 - 4 - (-3 - 1).
2
What is (-16 - (-15 + 13)) + 3?
-11
Evaluate -3 + (-3 - -8) - (10 + -2).
-6
What is 3 + 0 + 4 + 2 + -10?
-1
Calculate -8 - (-7 + 10 + -8).
-3
What is 2 + (2 - 1 - -2) + -2?
3
What is the value of (-1 - (2 - 4)) + -6 + 4?
-1
-11 - (-5 - -6) - -4
-8
What is (-2 - -7) + -3 + 1 + -1?
2
-1 - 9 - (28 - 31)
-7
What is the value of 84 - 82 - (5 + 1)?
-4
(-12 - (8 - 20)) + (1 - 1)
0
What is the value of 7 + -3 - (0 - 0)?
4
What is 3 + (0 - (-4 + 1))?
6
What is 7 + (-2 - (0 - -2))?
3
Calculate -1 + -6 + 3 + -1.
-5
Evaluate 7 + (-1 - 2) + (0 - 11).
-7
(-5 - -2) + -1 + 4
0
Calculate 8 - 1 - (15 + -10).
2
What is the value of (5 - -3) + -7 + 0?
1
Calculate 0 - 3 - (3 + 4 + -5).
-5
Evaluate 1 - (3 - (0 - 2)) - 1.
-5
Evaluate -107 - -91 - (2 + -13).
-5
What is the value of (0 - (-1 + 0)) + -6 + 6?
1
What is -3 - (0 - -1) - (-13 + 10)?
-1
Calculate 2 + -5 + (-1 - -4) - -2.
2
(6 + -3 - 6) + (2 - 2)
-3
What is (5 - 5) + (-5 - -1 - -6)?
2
What is the value of -11 - (-11 + 2 + 2)?
-4
Evaluate 33 + -30 + (2 + -1 - 1).
3
What is -1 + -8 + 22 + -17?
-4
Calculate -9 - (6 + -8) - (0 - 4).
-3
Calculate -6 - (-8 - (-3 - 4)).
-5
Evaluate -2 + -2 - (6 - 11) - 0.
1
What is 1 + 0 + (-5 - (-1 - 6))?
3
Evaluate -9 - (-8 + 8 - 7).
-2
Evaluate -5 + (-5 - -16) + 0 + -2.
4
-6 - -7 - (0 + -5 + 2)
4
What is the value of 4 + 0 - -1 - 2?
3
Evaluate -2 - (3 + -12) - (10 + -5).
2
(2 + -3 - 0) + -3 + 3
-1
Evaluate -15 + 6 + -11 + 14.
-6
(6 - 2) + -3 + 1 + 0
2
Calculate -6 + 5 - (1 - 0).
-2
Evaluate (10 - -6 - 6) + -11.
-1
Evaluate -3 - 1 - (-3 + -6).
5
-19 - (-14 - -7) - (1 + -6)
-7
What is -1 + 3 - -1 - (11 + -3)?
-5
What is the value of -2 + 1 + 3 - 5 - -2?
-1
What is 7 + (-